 Let f(o) = -3*o + 32. What is the remainder when 43 is divided by f(r)?
20
Suppose -4*d + 6*d = -8. Suppose b - 2*n = 66, 15*b - 14*b + 3*n - 91 = 0. What is the remainder when b is divided by 1/d + (-29)/(-4)?
6
Suppose -c + 2*n = -517, 9*c - 1551 = 6*c - 2*n. What is the remainder when 2084 is divided by c?
16
Let k = -10779 - -10800. Calculate the remainder when 6862 is divided by k.
16
Suppose -24*y + 21*y = 5*u - 192, 0 = -5*y - 13*u + 306. Calculate the remainder when 226 is divided by y.
19
Let l(i) = -5 + i**3 - 5*i**2 + 17*i**2 - i**2 - 6*i**2 - 6*i. Calculate the remainder when 49 is divided by l(-5).
24
Suppose 3*a = 2*d - 84, 5*d = -5*a + 2*a + 189. Suppose d + 261 = 15*p. Suppose 0 = 3*h - p + 5. What is the remainder when h is divided by 3?
2
Suppose -5*b + b - 2*y = -268, -b + 56 = -5*y. Suppose 64*j = b*j - 54. Let o = 129 + -78. What is the remainder when o is divided by j?
24
Let t = 451 + -454. What is the remainder when 307 is divided by t - 1 - 240/(-5)?
43
Let y(l) = -l - 26 + 5*l**2 + 63 - 33. Let r be (-12)/(-5) - (-1)/(15/9). Calculate the remainder when y(r) is divided by 13.
7
Let i(a) = -2330*a - 5731. What is the remainder when i(-6) is divided by 165?
164
Let x(u) = -3*u + 27. Let b be x(5). Suppose -3*q - 22 = -5*d + q, -b = -d - 3*q. Let r = -48 + 76. Calculate the remainder when r is divided by d.
4
Let f = 232 + -165. Let j(s) = -5*s - 9. Let t be j(4). What is the remainder when f is divided by -3 + t/(-9) - (-205)/9?
21
Let v(w) = 131*w - 896. What is the remainder when 858 is divided by v(7)?
18
Suppose -65 - 45 = -22*c. Suppose -c*x + 0*x + 598 = 4*m, -246 = -2*x - 5*m. Calculate the remainder when x is divided by 30.
28
Suppose 2*j = -4*n + 682, 2*j - 680 = -114*n + 111*n. Calculate the remainder when j is divided by 68.
65
Let d = -13553 - -13675. What is the remainder when 730 is divided by d?
120
Let p = -60 + 74. Suppose 10 = z + 3*m, 5*z = 4*m + 140 - p. Let d = -18 - -30. What is the remainder when z is divided by d?
10
What is the remainder when (1/(-3))/((-1)/2073) is divided by 149?
95
Let f = 3434 - 3362. Calculate the remainder when f is divided by ((-3)/(3/74))/(-2).
35
Calculate the remainder when (-208)/(-572) - 37344/(-33) is divided by 97.
65
Let n(i) = -i**2 - 19*i - 9. Let t be n(-8). Suppose 115*g + 897 = 9522. Let x = t - g. Calculate the remainder when 4 is divided by x.
0
Let c(s) = -2*s**2 + 25*s - 7. Let d be c(14). Let p = -14 - d. Suppose -3*a - 5*n + 34 = -67, -2*n + p = a. Calculate the remainder when a is divided by 14.
13
Suppose -117 = -33*f + 114. Suppose -o - 11 = -3*w, -2*w + 2*o + 13 = f*o. Calculate the remainder when 30 is divided by w.
2
Let p = -105 + 140. Suppose -v = -p*v + 8602. Calculate the remainder when v is divided by 17.
15
Let o be (-372)/(-4) + (-1 + 4)/(-1). Suppose -o = -174*a + 169*a. Calculate the remainder when 102 is divided by a.
12
Let x be (-7 - -100)/((-6)/(-4)). What is the remainder when x/2 - (9 - 6) is divided by (-80)/20 + 10*1?
4
Let b(x) = 37*x**2 - 3*x - 1. Let k be b(-1). Let r = -228 + k. Let v = 289 + r. What is the remainder when v is divided by 26?
22
Let r(k) = 16*k**2 + 3*k - 3. Calculate the remainder when r(3) is divided by (18/(-12) + 2 - -2)/(5/84).
24
Let r(s) = -s**3 - 5*s**2 + 8*s + 27. Let f be r(-6). Suppose 0 = -3*g - 4*v + 241, f*g - 10*g - 3*v = 450. What is the remainder when g is divided by 8?
7
Let n(v) = -v + 18. Let u be n(-15). What is the remainder when 80 is divided by (-138)/(-9) + (-44)/u?
10
Suppose 2*n = 5*x - 0*x - 407, 86 = x - 5*n. What is the remainder when 1292 is divided by x?
77
Let i be -136 + (1 - 6) + 3. Let x be -1 - 1 - 3440/(-16). Let h = i + x. Calculate the remainder when h is divided by 13.
10
Let w be (255 + 3)/(4 - 2 - 0). Suppose w = 3*i - 0*i. Let n = 55 + -32. Calculate the remainder when i is divided by n.
20
Let k = 13 + -11. Let j = k + 6. Calculate the remainder when 12/8*(1 + 41) is divided by j.
7
Let s(x) = -14 + 8 + 19 + 24 + 7*x - x**2. Let g = 64 - 42. What is the remainder when s(0) is divided by g?
15
Let r = 149 - 111. What is the remainder when -1 + r + 36 + -35 is divided by 7?
3
What is the remainder when 120 is divided by -10 - (-26 + 4) - 1?
10
Suppose 20*p - 637 = 1583. Calculate the remainder when 150 is divided by p.
39
Let z(a) = 3*a - 5. Suppose 2*v - 10*v + 256 = 0. Let u be v/(-8) + (9 - -1). What is the remainder when z(u) is divided by 5?
3
Suppose -5*l + 75 = 25. Suppose 0 = g - l - 1. Suppose -19 - 19 = -v + 5*n, -v + 68 = 5*n. Calculate the remainder when v is divided by g.
9
Suppose 6*n - 26 = 52. Let s(c) = c**3 + 59*c**2 - c - 2. Calculate the remainder when s(-59) is divided by n.
5
Let j = -105 - -116. Let r(k) = j + 20*k + 21 - 12 + 23 + k**2. Calculate the remainder when 142 is divided by r(-19).
22
Suppose 2*n = p + 5*n - 282, -3*p + 842 = 5*n. Let u = p - 227. Calculate the remainder when 105 is divided by u.
1
Let o(x) = 400*x**2 - 7*x + 4. Let v be o(1). Let t = v + -216. What is the remainder when t is divided by 23?
20
Let s = -79 - -84. Suppose 0 = -5*n - s*g + 965, -2*g = n + 3*g - 173. Calculate the remainder when n is divided by 51.
45
Suppose -11*b - 2321 - 1562 = 0. Let x = -332 - b. What is the remainder when 29 is divided by x?
8
Let u(n) = -2*n + 316. Let l be u(0). Suppose -k + 5*k - l = 0. Calculate the remainder when k is divided by 20.
19
Let m(x) = -x**2 - 109*x - 1240. Let h = 32 + 24. Let u = h + -26. What is the remainder when u is divided by m(-13)?
6
Let x(z) = -4*z**2 - 145*z - 1099. Calculate the remainder when 3171 is divided by x(-11).
3
Suppose 0 = -3*h + 3*r + 1659, 203*r = -5*h + 199*r + 2801. What is the remainder when 615 is divided by h?
58
Let b = -15352 - -15496. What is the remainder when 570 is divided by b?
138
Suppose 6*c - 11*c - 8*c = -546. Calculate the remainder when 73 is divided by c.
31
Suppose 16*z + 24 = -8*z. What is the remainder when 8 + (79 - 1) - (z - -1) is divided by 15?
11
Calculate the remainder when 468 is divided by 6/4*14*120/42.
48
What is the remainder when (-444)/(-999) - (-1)/(9/203) is divided by 9?
5
Suppose 0 = g + 3*c - 25, 3*g - 2*c = g + 58. What is the remainder when g is divided by 99/(-297) + (-13)/(-3)?
0
Suppose 9*a = -387 + 1692. Let s = -114 + 139. Calculate the remainder when a is divided by s.
20
Suppose 8*z - 32*z = -16608. Suppose 5*p - 4*a - z = -0*a, -4*a = -4*p + 556. Calculate the remainder when p is divided by 41.
13
Let z(k) = 567*k + 3452. Calculate the remainder when z(-5) is divided by 157.
146
Let a be -6 + 10 - (1 + -2). Suppose 34 = a*k - 461. Calculate the remainder when k is divided by 10.
9
Suppose -3*o = -2*r - 2, -3*o + 16 = 5*r - 0*o. Suppose 0 = -r*d + i + 57, 5*i - 16 - 50 = -3*d. What is the remainder when 93 is divided by d?
12
Suppose 191*j = 5828 + 4868. What is the remainder when 151 is divided by j?
39
Let m = 159 + -272. Let s = 200 + m. Calculate the remainder when s is divided by 18.
15
Suppose 158*t - 2678 = 145*t. Calculate the remainder when 655 is divided by t.
37
Let j(x) = 32*x**2 - 2*x + 3. Let s(f) = -999*f + 81931. What is the remainder when j(2) is divided by s(82)?
10
Calculate the remainder when (-18)/(-24)*140184/(-90)*10/(-3) is divided by 15.
9
Let b(k) = -10*k + 2. Let n(c) = -18*c + 489. Calculate the remainder when n(10) is divided by b(-6).
61
Suppose 12 + 12 = 2*i. Let n = -32 + i. Let k(a) = a**3 + 19*a**2 - 24*a - 28. Calculate the remainder when k(n) is divided by 19.
14
Let b be 20/(-6)*33/(-15)*9. Suppose 0 = -b*f + 63*f + 66. Suppose 2*z + 308 = 5*o, 0*o + 3*z - 313 = -5*o. What is the remainder when o is divided by f?
18
Suppose -4*g + 170 - 118 = 0. Suppose 57 = 2*w + g. What is the remainder when 63 is divided by w?
19
Calculate the remainder when 4661 is divided by (0 + 2)/18 + 7624*10/720.
103
Let a be 1*(-12)/4 + 5. Suppose 3*g + a*g - 2*y - 32 = 0, -1 = y. Suppose -r = 4*p - g*p - 11, 30 = 2*r - 2*p. Calculate the remainder when r is divided by 10.
9
Let h(o) = 10*o - 515. Calculate the remainder when 542 is divided by h(54).
17
Calculate the remainder when 6/(-16) - 30655/(-40) is divided by 16.
14
Let s = 125 - -257. Suppose -4*z = 294 - s. What is the remainder when 152 is divided by z?
20
Let s be -